{"id":27,"date":"2016-09-09T08:29:12","date_gmt":"2016-09-09T08:29:12","guid":{"rendered":"http:\/\/localhost:8667\/?p=27"},"modified":"2023-07-17T18:40:57","modified_gmt":"2023-07-17T18:40:57","slug":"rekisteriseloste","status":"publish","type":"page","link":"https:\/\/mcmoka.fi\/?page_id=27","title":{"rendered":"Rekisteriseloste"},"content":{"rendered":"<h3><strong>Tietosuojaseloste \u2013 Metal Club M\u00f6k\u00e4n j\u00e4senrekisteri<\/strong><\/h3>\n<h4><strong>Rekisterinpit\u00e4j\u00e4 ja yhteyshenkil\u00f6<\/strong><\/h4>\n<p>Rekisterinpit\u00e4j\u00e4: Metal Club M\u00f6k\u00e4 ry (\u201dYhdistys\u201d)<br \/>\nOsoite: PL 69, 02150 Espoo<br \/>\nS\u00e4hk\u00f6posti: hallitus [at] mcmoka [piste] fi<br \/>\nYhteyshenkil\u00f6: J\u00e4senrekisterivastaava Henrik Romppainen<\/p>\n<h4><strong>Rekister\u00f6idyt<\/strong><\/h4>\n<p>Rekisteriss\u00e4 k\u00e4sitell\u00e4\u00e4n Yhdistyksen j\u00e4senien henkil\u00f6tietoja (\u201dRekister\u00f6ity\u201d).<\/p>\n<h4><strong>Henkil\u00f6tietojen k\u00e4sittelyn peruste ja k\u00e4ytt\u00f6tarkoitus<\/strong><\/h4>\n<p>Rekisterin k\u00e4ytt\u00f6tarkoituksena on Rekister\u00f6ityjen henkil\u00f6tietojen ajantasainen hallinta j\u00e4senyyden aikana, sen yll\u00e4pito ja kehitt\u00e4minen ja my\u00f6s p\u00e4\u00e4ttyneiden j\u00e4senyyksien dokumentaation hallinta henkil\u00f6tietoj\u00e4rjestelm\u00e4ss\u00e4 (\u201dJ\u00e4rjestelm\u00e4\u201d), jonka Yhdistykselle tuottaa Yhdistysavain.<\/p>\n<p>Yhdistyslain (503\/1989 11\u00a7) mukaan Yhdistyksell\u00e4 on lakis\u00e4\u00e4teinen velvoite ker\u00e4t\u00e4 Rekister\u00f6idylt\u00e4 tieto koko nimest\u00e4 ja kotipaikasta. S\u00e4hk\u00f6postiosoitetta k\u00e4ytet\u00e4\u00e4n Yhdistyksen ja Rekister\u00f6idyn v\u00e4liseen viestint\u00e4\u00e4n sek\u00e4 j\u00e4sentietojen yll\u00e4pitoon. Aalto-yliopiston ylioppilaskunta (&#8220;AYY&#8221;) velvoittaa Yhdistyst\u00e4 ker\u00e4\u00e4m\u00e4\u00e4n tiedon AYY:n j\u00e4senyydest\u00e4 toiminta-avustusta varten. Tiedon lempimusiikista Rekister\u00f6ity voi antaa vapaaehtoisesti n\u00e4in halutessaan, ja sit\u00e4 k\u00e4ytet\u00e4\u00e4n ker\u00e4\u00e4m\u00e4\u00e4n anonyymej\u00e4 tilastoja Yhdistyksen lempimusiikista.<\/p>\n<h4><strong>K\u00e4sitelt\u00e4v\u00e4t henkil\u00f6tiedot<\/strong><\/h4>\n<p>Rekisteriin ker\u00e4t\u00e4\u00e4n seuraavia henkil\u00f6tietoja:<\/p>\n<ul>\n<li>Rekister\u00f6idyn t\u00e4ydellinen nimi<\/li>\n<li>Kotipaikkakunta<\/li>\n<li>S\u00e4hk\u00f6postiosoite<\/li>\n<li>AYY:n j\u00e4senyys (kyll\u00e4\/ei)<\/li>\n<li>Parasta musiikkia<\/li>\n<\/ul>\n<p>Tiedoista Rekister\u00f6idyn t\u00e4ydellinen nimi, kotipaikkakunta, s\u00e4hk\u00f6postiosoite ja AYY:n j\u00e4senyys ovat pakollisia tietoja, muut tiedot annetaan Rekister\u00f6idyn halutessa.<\/p>\n<h4><strong>S\u00e4\u00e4nn\u00f6nmukaiset tietol\u00e4hteet<\/strong><\/h4>\n<p>Henkil\u00f6tietoja ker\u00e4t\u00e4\u00e4n Rekister\u00f6idylt\u00e4 itselt\u00e4\u00e4n Internet-lomakkeen kautta.<\/p>\n<h4><strong>Henkil\u00f6tietojen suojaaminen ja tietoturva<\/strong><\/h4>\n<p>Digitaalisesti k\u00e4sitelt\u00e4v\u00e4t henkil\u00f6tiedot on suojattu ja tallennettu Yhdistyksen J\u00e4rjestelm\u00e4\u00e4n, johon on rajattu p\u00e4\u00e4sy vain sellaisilla henkil\u00f6ill\u00e4, jotka tarvitsevat kyseisi\u00e4 tietoja ty\u00f6teht\u00e4viens\u00e4 hoitamiseksi. Kyseisill\u00e4 henkil\u00f6ill\u00e4 on k\u00e4yt\u00f6ss\u00e4\u00e4n henkil\u00f6kohtaiset k\u00e4ytt\u00e4j\u00e4tunnukset ja salasanat.<\/p>\n<p>Henkil\u00f6tiedot on suojattu ulkopuoliselta k\u00e4yt\u00f6lt\u00e4 ja j\u00e4sentietojen k\u00e4ytt\u00f6\u00e4 valvotaan. J\u00e4senell\u00e4 on henkil\u00f6kohtainen k\u00e4ytt\u00e4j\u00e4tunnus ja salasanasuojaus. Yhdistyksen ulkopuolelle l\u00e4hetett\u00e4v\u00e4t henkil\u00f6tiedot salataan. K\u00e4ytetyt ty\u00f6asemat ja tallennusmediat ovat salattu.<\/p>\n<h4><strong>Henkil\u00f6tietojen s\u00e4\u00e4nn\u00f6nmukaiset luovutukset ja siirrot<\/strong><\/h4>\n<p>Henkil\u00f6tietoja ei luovuteta kolmansille osapuolille.<\/p>\n<p>Rekisterin Yhdistykselle tuottaa Yhdistysavain, jolle henkil\u00f6tiedot siirret\u00e4\u00e4n rekisterin yll\u00e4pit\u00e4miseksi. Yhdistysavain voi siirt\u00e4\u00e4 Henkil\u00f6tietoja my\u00f6s muille palveluntarjoajille J\u00e4rjestelm\u00e4n toteuttamiseksi. Henkil\u00f6rekisterin teknisen yll\u00e4pidon toteuttava rekisterinpit\u00e4j\u00e4n yhteisty\u00f6kumppani voi siirt\u00e4\u00e4 henkil\u00f6tietoja soveltuvan yksityisyyden suojaa koskevan lains\u00e4\u00e4d\u00e4nn\u00f6n ja t\u00e4m\u00e4n tietosuojaselosteen mukaisesti.<\/p>\n<p>Yhdistysavaimen tietosuojaseloste: <a href=\"https:\/\/www.yhdistysavain.fi\/tietosuojaliite\/\">https:\/\/www.yhdistysavain.fi\/tietosuojaliite\/<\/a><\/p>\n<h4><strong>Henkil\u00f6tietojen siirrot Euroopan unionin tai Euroopan talousalueen ulkopuolelle<\/strong><\/h4>\n<p>Yhdistysavain voi k\u00e4ytt\u00e4\u00e4 henkil\u00f6tietojen k\u00e4sittelyss\u00e4 my\u00f6s muita palveluntarjoajia, jotka sijaitsevat Euroopan unionin tai Euroopan talousalueen ulkopuolella. Henkil\u00f6tietojen siirto Euroopan unionin tai Euroopan talousalueen ulkopuolelle toteutetaan aina jollakin alla mainitulla, lainmukaisella perusteella:<\/p>\n<ul>\n<li>Euroopan komissio on p\u00e4\u00e4tt\u00e4nyt, ett\u00e4 kyseisess\u00e4 vastaanottajamaassa on varmistettu riitt\u00e4v\u00e4 tietosuojan taso;<\/li>\n<li>Yhdistys on toteuttanut asianmukaiset suojatoimet henkil\u00f6tietojen siirt\u00e4miseksi k\u00e4ytt\u00e4m\u00e4ll\u00e4 Euroopan komission hyv\u00e4ksymi\u00e4 tietosuojaa koskevia vakiolausekkeita. Rekister\u00f6idyll\u00e4 on t\u00e4ll\u00f6in oikeus saada j\u00e4ljenn\u00f6s kyseisist\u00e4 vakiolausekkeista ottamalla Yhdistykseen yhteytt\u00e4 Yhteydenotot-kohdassa kuvatun mukaisesti; tai<\/li>\n<li>Rekister\u00f6ity on antanut nimenomaisen suostumuksensa henkil\u00f6tietojensa siirt\u00e4miseksi, tai henkil\u00f6tietojen siirt\u00e4miselle on olemassa muu lainmukainen peruste.<\/li>\n<\/ul>\n<p>Henkil\u00f6tietoihin ei anneta p\u00e4\u00e4sy\u00e4 enemp\u00e4\u00e4 kuin on v\u00e4ltt\u00e4m\u00e4t\u00f6nt\u00e4 palveluiden toteuttamiseksi. Henkil\u00f6tietojen siirto Euroopan unionin tai Euroopan talousalueen ulkopuolelle perustuu aina voimassaolevaan henkil\u00f6tietojen k\u00e4sittely\u00e4 koskevaan lains\u00e4\u00e4d\u00e4nt\u00f6\u00f6n ja toteutetaan kyseisen lains\u00e4\u00e4d\u00e4nn\u00f6n mukaisesti.<\/p>\n<h4><strong>Henkil\u00f6tietojen s\u00e4ilytysaika<\/strong><\/h4>\n<p>Henkil\u00f6tiedot s\u00e4ilytet\u00e4\u00e4n rekisteriss\u00e4 niin kauan kuin Rekister\u00f6ity on Yhdistyksen j\u00e4sen. Rekister\u00f6idyn erotessa Yhdistyksest\u00e4 Rekister\u00f6idyn henkil\u00f6tiedot poistetaan Yhdistyksen toimesta\u00a0 1 kuukauden sis\u00e4ll\u00e4. Henkil\u00f6tiedot poistetaan Yhdistysavaimen J\u00e4rjestelm\u00e4st\u00e4 ja varmuuskopioista Yhdistysavaimen toimesta 6 kuukauden sis\u00e4ll\u00e4.<\/p>\n<h4><strong>Rekister\u00f6idyn oikeudet<\/strong><\/h4>\n<p>Rekister\u00f6idyll\u00e4 on l\u00e4ht\u00f6kohtaisesti oikeus soveltuvan tietosuojalains\u00e4\u00e4d\u00e4nn\u00f6n mukaisesti milloin tahansa:<\/p>\n<ul>\n<li>saada tieto henkil\u00f6tietojensa k\u00e4sittelyst\u00e4;<\/li>\n<li>saada p\u00e4\u00e4sy omiin tietoihinsa ja tarkastaa itse\u00e4\u00e4n koskevat Yhdistyksen k\u00e4sittelem\u00e4t henkil\u00f6tiedot;<\/li>\n<li>vaatia ep\u00e4tarkan ja virheellisen henkil\u00f6tiedon oikaisua ja tietojen t\u00e4ydent\u00e4mist\u00e4;<\/li>\n<li>vaatia henkil\u00f6tietojensa poistamista;<\/li>\n<li>peruuttaa suostumuksensa ja vastustaa henkil\u00f6tietojensa k\u00e4sittely\u00e4 silt\u00e4 osin kuin henkil\u00f6tietojen k\u00e4sittely perustuu rekister\u00f6idyn suostumukseen;<\/li>\n<li>vastustaa henkil\u00f6tietojensa k\u00e4sittely\u00e4 henkil\u00f6kohtaiseen erityiseen tilanteeseensa liittyv\u00e4ll\u00e4 perusteella silt\u00e4 osin kuin henkil\u00f6tietojen k\u00e4sittelyperusteena on Yhdistyksen oikeutettu etu;<\/li>\n<li>saada henkil\u00f6tietonsa koneluettavassa muodossa ja siirt\u00e4\u00e4 kyseiset tiedot toiselle rekisterinpit\u00e4j\u00e4lle edellytt\u00e4en, ett\u00e4 rekister\u00f6ity on itse toimittanut kyseiset henkil\u00f6tiedot Yhdistykselle, Yhdistys k\u00e4sittelee kyseisi\u00e4 henkil\u00f6tietoja rekister\u00f6idyn suostumuksen perusteella ja k\u00e4sittely suoritetaan automaattisesti; ja<\/li>\n<li>vaatia henkil\u00f6tietojensa k\u00e4sittelyn rajoittamista.<\/li>\n<\/ul>\n<p>Rekister\u00f6idyn tulee esitt\u00e4\u00e4 edell\u00e4 mainitun oikeuden toteuttamista koskeva pyynt\u00f6 t\u00e4m\u00e4n tietosuojaselosteen Yhteydenotot-kohdan mukaisesti. Yhdistys voi pyyt\u00e4\u00e4 rekister\u00f6ity\u00e4 tarkentamaan pyynt\u00f6\u00e4\u00e4n kirjallisesti ja varmentamaan rekister\u00f6idyn henkil\u00f6llisyyden ennen pyynn\u00f6n k\u00e4sittelemist\u00e4. Yhdistys voi kielt\u00e4yty\u00e4 pyynn\u00f6n toteuttamisesta sovellettavassa laissa s\u00e4\u00e4detyll\u00e4 perusteella.<\/p>\n<h4><strong>Oikeus valittaa valvontaviranomaiselle<\/strong><\/h4>\n<p>Jokaisella Rekister\u00f6idyll\u00e4 on oikeus tehd\u00e4 valitus asianomaiselle valvontaviranomaiselle taikka sen Euroopan unionin j\u00e4senvaltion valvontaviranomaiselle, jossa Rekister\u00f6idyn asuinpaikka tai ty\u00f6paikka sijaitsee, mik\u00e4li Rekister\u00f6ity katsoo, ett\u00e4 h\u00e4nen henkil\u00f6tietojaan ei ole k\u00e4sitelty soveltuvan tietosuojalains\u00e4\u00e4d\u00e4nn\u00f6n mukaisesti.<\/p>\n<h4><strong>Yhteydenotot<\/strong><\/h4>\n<p>Rekister\u00f6idyn oikeuksien k\u00e4ytt\u00e4mist\u00e4 koskevat pyynn\u00f6t, kysymykset t\u00e4st\u00e4 tietosuojaselosteesta ja muut yhteydenotot tulee tehd\u00e4 s\u00e4hk\u00f6postitse Yhdistyksen hallituksen osoitteeseen hallitus [at] mcmoka [piste] fi. Rekister\u00f6ity voi my\u00f6s ottaa yhteytt\u00e4 henkil\u00f6kohtaisesti tai kirjallisesti alla olevaan osoitteeseen:<\/p>\n<p>Metal Club M\u00f6k\u00e4 ry<\/p>\n<p>PL 69, 02150 Espoo<\/p>\n<h4><strong>Muutokset t\u00e4h\u00e4n tietosuojaselosteeseen<\/strong><\/h4>\n<p>T\u00e4t\u00e4 tietosuojaselostetta voidaan p\u00e4ivitt\u00e4\u00e4 aika ajoin esimerkiksi lains\u00e4\u00e4d\u00e4nn\u00f6n muuttuessa. T\u00e4m\u00e4 tietosuojaseloste on viimeksi p\u00e4ivitetty 30.03.2021.<\/p>\n","protected":false},"excerpt":{"rendered":"<p>Tietosuojaseloste \u2013 Metal Club M\u00f6k\u00e4n j\u00e4senrekisteri Rekisterinpit\u00e4j\u00e4 ja yhteyshenkil\u00f6 Rekisterinpit\u00e4j\u00e4: Metal Club M\u00f6k\u00e4 ry (\u201dYhdistys\u201d) Osoite: PL 69, 02150 Espoo S\u00e4hk\u00f6posti: hallitus [at] mcmoka [piste] fi Yhteyshenkil\u00f6: J\u00e4senrekisterivastaava Henrik Romppainen Rekister\u00f6idyt Rekisteriss\u00e4 k\u00e4sitell\u00e4\u00e4n Yhdistyksen j\u00e4senien henkil\u00f6tietoja (\u201dRekister\u00f6ity\u201d). Henkil\u00f6tietojen k\u00e4sittelyn peruste ja k\u00e4ytt\u00f6tarkoitus Rekisterin k\u00e4ytt\u00f6tarkoituksena on Rekister\u00f6ityjen henkil\u00f6tietojen ajantasainen hallinta j\u00e4senyyden aikana, sen yll\u00e4pito ja kehitt\u00e4minen &#8230; <a title=\"Rekisteriseloste\" class=\"read-more\" href=\"https:\/\/mcmoka.fi\/?page_id=27\">Read more<span class=\"screen-reader-text\">Rekisteriseloste<\/span><\/a><\/p>\n","protected":false},"author":1,"featured_media":0,"parent":9,"menu_order":27,"comment_status":"open","ping_status":"open","template":"","meta":{"footnotes":""},"class_list":["post-27","page","type-page","status-publish"],"_links":{"self":[{"href":"https:\/\/mcmoka.fi\/index.php?rest_route=\/wp\/v2\/pages\/27","targetHints":{"allow":["GET"]}}],"collection":[{"href":"https:\/\/mcmoka.fi\/index.php?rest_route=\/wp\/v2\/pages"}],"about":[{"href":"https:\/\/mcmoka.fi\/index.php?rest_route=\/wp\/v2\/types\/page"}],"author":[{"embeddable":true,"href":"https:\/\/mcmoka.fi\/index.php?rest_route=\/wp\/v2\/users\/1"}],"replies":[{"embeddable":true,"href":"https:\/\/mcmoka.fi\/index.php?rest_route=%2Fwp%2Fv2%2Fcomments&post=27"}],"version-history":[{"count":5,"href":"https:\/\/mcmoka.fi\/index.php?rest_route=\/wp\/v2\/pages\/27\/revisions"}],"predecessor-version":[{"id":217,"href":"https:\/\/mcmoka.fi\/index.php?rest_route=\/wp\/v2\/pages\/27\/revisions\/217"}],"up":[{"embeddable":true,"href":"https:\/\/mcmoka.fi\/index.php?rest_route=\/wp\/v2\/pages\/9"}],"wp:attachment":[{"href":"https:\/\/mcmoka.fi\/index.php?rest_route=%2Fwp%2Fv2%2Fmedia&parent=27"}],"curies":[{"name":"wp","href":"https:\/\/api.w.org\/{rel}","templated":true}]}}