{"id":11,"date":"2016-09-01T20:37:14","date_gmt":"2016-09-01T20:37:14","guid":{"rendered":"http:\/\/localhost:8667\/?p=11"},"modified":"2026-01-22T14:03:27","modified_gmt":"2026-01-22T14:03:27","slug":"hallitus","status":"publish","type":"page","link":"https:\/\/mcmoka.fi\/?page_id=11","title":{"rendered":"Hallitus"},"content":{"rendered":"\r\n<div class=\"wp-block-group\"><div class=\"wp-block-group__inner-container is-layout-constrained wp-block-group-is-layout-constrained\">\r\n<p>Metal Club M\u00f6k\u00e4n hallituksen tavoittaa ensisijaisesti s\u00e4hk\u00f6postiosoitteesta <strong>hallitus [at] mcmoka [piste] fi<\/strong><\/p>\r\n\r\n\r\n\r\n<p>Kerhohuone: J\u00e4mer\u00e4ntaival 7A<br \/>Postiosoite: PL 69, 02151 Espoo<br \/>Y-tunnus:\u00a02180957-0<\/p>\r\n\r\n\r\n\r\n<div class=\"wp-block-group\"><div class=\"wp-block-group__inner-container is-layout-constrained wp-block-group-is-layout-constrained\">\r\n<p>Yhdistyksen IBAN-tilinumero:\u00a0FI20 8020 0710 4128 74<br \/>(Saaja: Metal Club M\u00f6k\u00e4 ry)<\/p>\r\n\r\n\r\n\r\n<h2 class=\"wp-block-heading\">Vuoden 2026 hallitus<\/h2>\r\n\r\n\r\n\r\n<figure class=\"wp-block-table\">\r\n<table>\r\n<tbody>\r\n<tr>\r\n<td>Puheenjohtaja<\/td>\r\n<td>Lauri Kalkkinen<\/td>\r\n<\/tr>\r\n<tr>\r\n<td>Sihteeri<\/td>\r\n<td>Ville Vuorinen<\/td>\r\n<\/tr>\r\n<tr>\r\n<td>Rahastonhoitaja\/Varasihteeri<\/td>\r\n<td>Aleksandr Lemin<\/td>\r\n<\/tr>\r\n<tr>\r\n<td>Varapuheenjohtaja<\/td>\r\n<td>Ulisses Marti<\/td>\r\n<\/tr>\r\n<tr>\r\n<td>Muut hallituksen j\u00e4senet<\/td>\r\n<td>Daniel Kankaanp\u00e4\u00e4<\/td>\r\n<\/tr>\r\n<tr>\r\n<td>\u00a0<\/td>\r\n<td>Andres Zapata<\/td>\r\n<\/tr>\r\n<tr>\r\n<td>\u00a0<\/td>\r\n<td>Jyri Kinnari<\/td>\r\n<\/tr>\r\n<tr>\r\n<td>\u00a0<\/td>\r\n<td>Nuutti Hakala<\/td>\r\n<\/tr>\r\n<\/tbody>\r\n<\/table>\r\n<\/figure>\r\n\r\n\r\n\r\n<h2 class=\"wp-block-heading\">Vuoden 2026 toiminnantarkastajat<\/h2>\r\n\r\n\r\n\r\n<figure class=\"wp-block-table\">\r\n<table>\r\n<tbody>\r\n<tr>\r\n<td>Lisa Sparf<\/td>\r\n<td>(varalla Veikko Hyt\u00f6nen)<\/td>\r\n<\/tr>\r\n<tr>\r\n<td>Olli-Pekka Osmala<\/td>\r\n<td>(varalla Frida Bj\u00f6rklund)<\/td>\r\n<\/tr>\r\n<\/tbody>\r\n<\/table>\r\n<\/figure>\r\n\r\n\r\n\r\n<h2 class=\"wp-block-heading\">Vuoden 2026 toimihenkil\u00f6t<\/h2>\r\n\r\n\r\n\r\n<figure class=\"wp-block-table\">\r\n<table>\r\n<tbody>\r\n<tr>\r\n<td>Kerberos ov Hellsinki<\/td>\r\n<td>Ville Vuorinen<\/td>\r\n<\/tr>\r\n<tr>\r\n<td>J\u00e4senrekisterivastaava<\/td>\r\n<td>Nuutti Hakala<\/td>\r\n<\/tr>\r\n<tr>\r\n<td>J\u00e4senrekisterivastaava<\/td>\r\n<td>Henrik Romppainen<\/td>\r\n<\/tr>\r\n<tr>\r\n<td>IT M\u00f6rk\u00f6<\/td>\r\n<td>Aleksandr Lemin<\/td>\r\n<\/tr>\r\n<tr>\r\n<td>IT Peikko<\/td>\r\n<td>Ville Vuorinen<\/td>\r\n<\/tr>\r\n<tr>\r\n<td>IT Klonkku<\/td>\r\n<td>Ulisses Marti<\/td>\r\n<\/tr>\r\n<tr>\r\n<td>IT Gandalf<\/td>\r\n<td>Nuutti Hakala<\/td>\r\n<\/tr>\r\n<tr>\r\n<td>Tiedottaja<\/td>\r\n<td>Daniel Kankaanp\u00e4\u00e4<\/td>\r\n<\/tr>\r\n<tr>\r\n<td>Keikkapeikko<\/td>\r\n<td>Vanessa Iglesias<\/td>\r\n<\/tr>\r\n<tr>\r\n<td>Keikkaolo<\/td>\r\n<td>Lauri Kalkkinen<\/td>\r\n<\/tr>\r\n<tr>\r\n<td>Yleinen Nakkikone<\/td>\r\n<td>Vanessa Iglesias<\/td>\r\n<\/tr>\r\n<tr>\r\n<td>Myrkynkeitt\u00e4j\u00e4<\/td>\r\n<td>Matti L\u00e4hde<\/td>\r\n<\/tr>\r\n<tr>\r\n<td>Virallinen Vittuilija<\/td>\r\n<td>Joe Depellette<\/td>\r\n<\/tr>\r\n<tr>\r\n<td>Virallinen Vittuilija<\/td>\r\n<td>Olli-Pekka Osmala<\/td>\r\n<\/tr>\r\n<tr>\r\n<td>Reisef\u00fchrer<\/td>\r\n<td>Juhana Hirvilahti<\/td>\r\n<\/tr>\r\n<tr>\r\n<td>H\u00e4irint\u00e4yhdyshenkil\u00f6<\/td>\r\n<td>Vanessa Iglesias<\/td>\r\n<\/tr>\r\n<tr>\r\n<td>Joku Grilli<\/td>\r\n<td>Jaakko Ojaluoma<\/td>\r\n<\/tr>\r\n<tr>\r\n<td>Murheiluvastaava<\/td>\r\n<td>Henrik Romppainen<\/td>\r\n<\/tr>\r\n<tr>\r\n<td>Kertsipeikko<\/td>\r\n<td>Daniel Kankaanp\u00e4\u00e4<\/td>\r\n<\/tr>\r\n<tr>\r\n<td>Kirjeenvaihtaja<\/td>\r\n<td>Andres Zapata<\/td>\r\n<\/tr>\r\n\r\n<\/tbody>\r\n<\/table>\r\n<\/figure>\r\n<\/div><\/div>\r\n<\/div><\/div>\r\n\r\n<p>&nbsp;<\/p>\r\n\r\n<p><a href=\"http:\/\/mcmoka.fi\/?page_id=22\" data-type=\"page\" data-id=\"22\"><strong>Aikaisemmat hallitukset<\/strong><\/a><\/p>\r\n","protected":false},"excerpt":{"rendered":"<p>Metal Club M\u00f6k\u00e4n hallituksen tavoittaa ensisijaisesti s\u00e4hk\u00f6postiosoitteesta hallitus [at] mcmoka [piste] fi Kerhohuone: J\u00e4mer\u00e4ntaival 7APostiosoite: PL 69, 02151 EspooY-tunnus:\u00a02180957-0 Yhdistyksen IBAN-tilinumero:\u00a0FI20 8020 0710 4128 74(Saaja: Metal Club M\u00f6k\u00e4 ry) Vuoden 2026 hallitus Puheenjohtaja Lauri Kalkkinen Sihteeri Ville Vuorinen Rahastonhoitaja\/Varasihteeri Aleksandr Lemin Varapuheenjohtaja Ulisses Marti Muut hallituksen j\u00e4senet Daniel Kankaanp\u00e4\u00e4 \u00a0 Andres Zapata \u00a0 Jyri Kinnari &#8230; <a title=\"Hallitus\" class=\"read-more\" href=\"https:\/\/mcmoka.fi\/?page_id=11\">Read more<span class=\"screen-reader-text\">Hallitus<\/span><\/a><\/p>\n","protected":false},"author":1,"featured_media":0,"parent":9,"menu_order":16,"comment_status":"closed","ping_status":"closed","template":"","meta":{"footnotes":""},"class_list":["post-11","page","type-page","status-publish"],"_links":{"self":[{"href":"https:\/\/mcmoka.fi\/index.php?rest_route=\/wp\/v2\/pages\/11","targetHints":{"allow":["GET"]}}],"collection":[{"href":"https:\/\/mcmoka.fi\/index.php?rest_route=\/wp\/v2\/pages"}],"about":[{"href":"https:\/\/mcmoka.fi\/index.php?rest_route=\/wp\/v2\/types\/page"}],"author":[{"embeddable":true,"href":"https:\/\/mcmoka.fi\/index.php?rest_route=\/wp\/v2\/users\/1"}],"replies":[{"embeddable":true,"href":"https:\/\/mcmoka.fi\/index.php?rest_route=%2Fwp%2Fv2%2Fcomments&post=11"}],"version-history":[{"count":12,"href":"https:\/\/mcmoka.fi\/index.php?rest_route=\/wp\/v2\/pages\/11\/revisions"}],"predecessor-version":[{"id":783,"href":"https:\/\/mcmoka.fi\/index.php?rest_route=\/wp\/v2\/pages\/11\/revisions\/783"}],"up":[{"embeddable":true,"href":"https:\/\/mcmoka.fi\/index.php?rest_route=\/wp\/v2\/pages\/9"}],"wp:attachment":[{"href":"https:\/\/mcmoka.fi\/index.php?rest_route=%2Fwp%2Fv2%2Fmedia&parent=11"}],"curies":[{"name":"wp","href":"https:\/\/api.w.org\/{rel}","templated":true}]}}